 the prime factors of 2415924617?
313, 1559, 4951
List the prime factors of 89726047.
8377, 10711
What are the prime factors of 954933?
3, 7, 37, 1229
List the prime factors of 6258959303.
31, 201901913
What are the prime factors of 28365169?
7, 578881
List the prime factors of 1503606164.
2, 375901541
List the prime factors of 113359380.
2, 3, 5, 397, 4759
What are the prime factors of 35978291?
173, 207967
What are the prime factors of 63478978?
2, 31739489
List the prime factors of 294586940.
2, 5, 67, 191, 1151
What are the prime factors of 760220063?
11171, 68053
What are the prime factors of 328270144?
2, 19, 499, 541
List the prime factors of 397417205.
5, 19, 809, 5171
What are the prime factors of 3222068590?
2, 5, 13, 24785143
List the prime factors of 47661322.
2, 31, 127, 6053
List the prime factors of 4973224336.
2, 17, 18283913
List the prime factors of 1052914140.
2, 3, 5, 216649
What are the prime factors of 227756388?
2, 3, 97, 389, 503
List the prime factors of 2609180133.
3, 7, 373, 333101
What are the prime factors of 141165325?
5, 7, 115237
List the prime factors of 807077324.
2, 201769331
What are the prime factors of 1093086733?
439, 2489947
What are the prime factors of 22674603?
3, 7, 73, 2113
What are the prime factors of 67803848?
2, 7, 172969
List the prime factors of 23925286.
2, 7, 11, 43, 3613
What are the prime factors of 30558966?
2, 3, 37, 137653
What are the prime factors of 666116740?
2, 5, 2207, 15091
List the prime factors of 4180374506.
2, 7, 11, 27145289
What are the prime factors of 7836321?
3, 59, 44273
List the prime factors of 4157236668.
2, 3, 13, 47, 566999
What are the prime factors of 78013160?
2, 5, 41, 47569
List the prime factors of 81094969.
59, 809, 1699
List the prime factors of 335748871.
23, 47, 310591
List the prime factors of 904056625.
5, 7232453
What are the prime factors of 6047553?
3, 2015851
What are the prime factors of 6383752056?
2, 3, 11, 53, 152081
What are the prime factors of 5363201498?
2, 14657, 182957
What are the prime factors of 231166323?
3, 17, 41, 43, 857
List the prime factors of 2806935367.
13331, 210557
What are the prime factors of 3784256471?
3784256471
List the prime factors of 56318195.
5, 17, 662567
List the prime factors of 242664685.
5, 37, 1311701
What are the prime factors of 26972258?
2, 181, 74509
List the prime factors of 1556144961.
3, 7, 197, 376153
What are the prime factors of 143555915?
5, 349, 82267
List the prime factors of 15471468.
2, 3, 71, 6053
What are the prime factors of 70780085?
5, 23, 615479
What are the prime factors of 34218131?
34218131
What are the prime factors of 31056756?
2, 3, 17, 152239
What are the prime factors of 683614714?
2, 7069, 48353
List the prime factors of 49435299.
3, 41, 44657
What are the prime factors of 107329294?
2, 47, 1141801
List the prime factors of 18956395.
5, 19, 37, 5393
What are the prime factors of 5818277993?
11, 528934363
What are the prime factors of 1109393114?
2, 19031, 29147
List the prime factors of 556198180.
2, 5, 17, 757, 2161
What are the prime factors of 53471064?
2, 3, 53, 127, 331
List the prime factors of 96128503.
967, 99409
What are the prime factors of 2337004981?
3257, 717533
What are the prime factors of 2825680716?
2, 3, 78491131
What are the prime factors of 883779305?
5, 47, 3760763
What are the prime factors of 296274960?
2, 3, 5, 23, 17891
What are the prime factors of 610817?
610817
What are the prime factors of 239279626?
2, 23, 5201731
What are the prime factors of 460686975?
3, 5, 7, 67, 1871
What are the prime factors of 87413467?
47, 1307, 1423
List the prime factors of 206511200.
2, 5, 7, 36877
List the prime factors of 45749487.
3, 7, 139, 2239
List the prime factors of 1273203327.
3, 11, 29, 1330411
What are the prime factors of 1108307332?
2, 11, 547, 46049
List the prime factors of 694037299.
41, 113, 149803
What are the prime factors of 72852756?
2, 3, 29, 209347
What are the prime factors of 1483322801?
1483322801
What are the prime factors of 8886651713?
6971, 1274803
What are the prime factors of 486409876?
2, 281, 432749
List the prime factors of 67423540.
2, 5, 227, 14851
List the prime factors of 7086849.
3, 7, 11, 2789
What are the prime factors of 3581306918?
2, 7, 29, 191, 46183
What are the prime factors of 235186646?
2, 31, 3793333
What are the prime factors of 2342744559?
3, 86768317
What are the prime factors of 3000053104?
2, 17, 67, 164621
List the prime factors of 737940184.
2, 1231, 74933
What are the prime factors of 98450325?
3, 5, 437557
List the prime factors of 1265852870.
2, 5, 4943, 25609
List the prime factors of 157491510.
2, 3, 5, 11, 149, 3203
List the prime factors of 140925241.
41, 157, 21893
List the prime factors of 307249875.
3, 5, 59, 1543
What are the prime factors of 431826302?
2, 157, 1375243
List the prime factors of 2936982556.
2, 83, 89, 99397
List the prime factors of 50581800.
2, 3, 5, 17, 19, 29
List the prime factors of 1573989.
3, 307, 1709
What are the prime factors of 47588097?
3, 15862699
List the prime factors of 76705916.
2, 7, 41, 109, 613
What are the prime factors of 1418034177?
3, 7, 43, 74779
What are the prime factors of 541725088?
2, 16928909
What are the prime factors of 91570783?
7643, 11981
List the prime factors of 2250996987.
3, 2393, 313553
List the prime factors of 154015537.
13, 137, 86477
What are the prime factors of 317237128?
2, 13, 239, 12763
List the prime factors of 1212884693.
71, 17082883
What are the prime factors of 1117232093?
181, 6172553
What are the prime factors of 1274648339?
23, 29, 1911017
List the prime factors of 30565855.
5, 29, 71, 2969
What are the prime factors of 509433330?
2, 3, 5, 7, 89, 97, 281
List the prime factors of 194447456.
2, 7, 868069
List the prime factors of 495514592.
2, 367, 42193
What are the prime factors of 24507205?
5, 31, 43, 3677
List the prime factors of 151000013.
29, 5206897
What are the prime factors of 16840445?
5, 29, 116141
List the prime factors of 700972442.
2, 433, 809437
What are the prime factors of 9722745?
3, 5, 216061
What are the prime factors of 34903584?
2, 3, 17, 7129
What are the prime factors of 687612809?
13, 52893293
List the prime factors of 3082334688.
2, 3, 3567517
What are the prime factors of 308236724?
2, 17, 4532893
List the prime factors of 46630499.
23, 409, 4957
List the prime factors of 3922536376.
2, 11, 4052207
What are the prime factors of 35591528?
2, 7, 635563
What are the prime factors of 73805511?
3, 13, 149, 977
List the prime factors of 3374751171.
3, 11, 31, 3298877
List the prime factors of 115910651.
29, 3996919
List the prime factors of 257875768.
2, 181, 178091
List the prime factors of 91370660.
2, 5, 101, 45233
List the prime factors of 5684558.
2, 11, 258389
List the prime factors of 438568603.
11, 2239, 17807
What are the prime factors of 5676714693?
3, 13, 48518929
List the prime factors of 562040710.
2, 5, 7, 11, 19, 41, 937
What are the prime factors of 35567585?
5, 7113517
What are the prime factors of 18695376?
2, 3, 7, 17, 1091
What are the prime factors of 206965528?
2, 7, 11, 179, 1877
What are the prime factors of 94145644?
2, 739, 31849
List the prime factors of 117494961.
3, 39164987
List the prime factors of 309216427.
13, 1829683
What are the prime factors of 80195009?
80195009
What are the prime factors of 135720653?
4051, 33503
List the prime factors of 833841555.
3, 5, 317, 175361
What are the prime factors of 63194546?
2, 59, 535547
What are the prime factors of 19777216?
2, 309019
What are the prime factors of 6980475069?
3, 775608341
List the prime factors of 1729191251.
1729191251
List the prime factors of 113805235.
5, 313, 72719
What are the prime factors of 2180551171?
15299, 142529
What are the prime factors of 3980246649?
3, 13009, 101987
List the prime factors of 221420480.
2, 5, 541, 1279
List the prime factors of 342860887.
43, 7973509
What are the prime factors of 1629675966?
2, 3, 271612661
List the prime factors of 338417368.
2, 17, 2488363
What are the prime factors of 179685827?
29, 31, 199873
List the prime factors of 74298628.
2, 18574657
What are the prime factors of 42063286?
2, 571, 36833
What are the prime factors of 3407678007?
3, 31, 36641699
List the prime